factor of 7860?
True
Is 14 a factor of 2141?
False
Is 108 a multiple of 27?
True
Is 47 a factor of 1899?
False
Is 1070 a multiple of 5?
True
Is 96 a multiple of 4?
True
Is 97 a factor of 85360?
True
Is 13870 a multiple of 19?
True
Is 13200 a multiple of 8?
True
Does 11 divide 253?
True
Is 258 a multiple of 52?
False
Does 4 divide 2488?
True
Is 9 a factor of 783?
True
Is 72027 a multiple of 151?
True
Does 130 divide 2860?
True
Does 159 divide 26712?
True
Is 2 a factor of 6256?
True
Is 4965 a multiple of 15?
True
Is 19 a factor of 798?
True
Is 16 a factor of 765?
False
Is 1038 a multiple of 3?
True
Is 53 a factor of 32984?
False
Is 9166 a multiple of 30?
False
Does 4 divide 75?
False
Is 2 a factor of 750?
True
Is 17990 a multiple of 70?
True
Is 51 a factor of 153?
True
Does 38 divide 28424?
True
Is 16240 a multiple of 10?
True
Does 16 divide 322?
False
Does 184 divide 139975?
False
Is 654 a multiple of 109?
True
Is 5 a factor of 27?
False
Is 1085 a multiple of 7?
True
Is 3 a factor of 209?
False
Is 8034 a multiple of 78?
True
Is 217 a factor of 37107?
True
Does 9 divide 6101?
False
Is 18126 a multiple of 53?
True
Is 36 a factor of 6228?
True
Is 1506 a multiple of 6?
True
Does 90 divide 12515?
False
Is 2391 a multiple of 46?
False
Is 9 a factor of 84798?
True
Is 44 a factor of 844?
False
Is 124 a multiple of 5?
False
Is 4 a factor of 7625?
False
Is 3 a factor of 559?
False
Is 3354 a multiple of 26?
True
Is 37 a factor of 4329?
True
Is 644 a multiple of 5?
False
Is 16 a factor of 4256?
True
Is 84 a factor of 3780?
True
Does 107 divide 1060?
False
Does 26 divide 2572?
False
Is 1520 a multiple of 38?
True
Does 67 divide 1471?
False
Is 118 a factor of 83565?
False
Is 111 a factor of 36502?
False
Is 11500 a multiple of 46?
True
Is 9117 a multiple of 14?
False
Does 8 divide 768?
True
Is 73 a factor of 6132?
True
Does 16 divide 336?
True
Is 1386 a multiple of 14?
True
Is 6612 a multiple of 23?
False
Is 273 a multiple of 39?
True
Is 14 a factor of 2156?
True
Does 8 divide 17232?
True
Does 93 divide 4557?
True
Is 53 a factor of 19713?
False
Does 5 divide 7979?
False
Does 10 divide 321?
False
Is 13851 a multiple of 57?
True
Is 7525 a multiple of 215?
True
Is 2670 a multiple of 89?
True
Does 18 divide 4762?
False
Does 6 divide 141?
False
Is 12 a factor of 3505?
False
Does 23 divide 16813?
True
Is 18 a factor of 578?
False
Does 7 divide 372?
False
Does 8 divide 52202?
False
Is 5 a factor of 1640?
True
Does 18 divide 2898?
True
Is 31 a factor of 341?
True
Is 8 a factor of 696?
True
Does 34 divide 1441?
False
Is 59 a factor of 531?
True
Is 4607 a multiple of 17?
True
Is 34 a factor of 646?
True
Is 66405 a multiple of 19?
True
Does 17 divide 758?
False
Is 6 a factor of 1820?
False
Does 95 divide 58297?
False
Is 18 a factor of 1453?
False
Is 40 a factor of 7680?
True
Is 81 a factor of 10854?
True
Is 10 a factor of 547?
False
Does 258 divide 16199?
False
Is 784 a multiple of 20?
False
Is 8 a factor of 1195?
False
Is 37 a factor of 58400?
False
Does 13 divide 20298?
False
Does 18 divide 14689?
False
Is 5 a factor of 345?
True
Is 9750 a multiple of 15?
True
Is 24 a factor of 840?
True
Does 5 divide 750?
True
Is 2041 a multiple of 11?
False
Is 21268 a multiple of 13?
True
Is 85 a factor of 9067?
False
Is 23 a factor of 160103?
True
Is 4 a factor of 128?
True
Is 252 a multiple of 4?
True
Is 4 a factor of 901?
False
Does 9 divide 857?
False
Does 9 divide 1571?
False
Does 57 divide 1218?
False
Is 600 a multiple of 10?
True
Does 32 divide 416?
True
Is 7752 a multiple of 47?
False
Is 43 a factor of 139?
False
Is 96 a multiple of 16?
True
Does 66 divide 10275?
False
Is 79 a factor of 10349?
True
Is 43874 a multiple of 57?
False
Is 18 a factor of 2754?
True
Is 19 a factor of 3629?
True
Does 24 divide 64032?
True
Is 6352 a multiple of 16?
True
Does 103 divide 39655?
True
Is 13 a factor of 221?
True
Does 25 divide 1700?
True
Is 21 a factor of 290?
False
Is 240 a multiple of 9?
False
Is 168 a multiple of 7?
True
Does 47 divide 496?
False
Does 22 divide 572?
True
Does 38 divide 19022?
False
Is 126 a multiple of 7?
True
Does 21 divide 5229?
True
Is 45477 a multiple of 168?
False
Does 3 divide 1008?
True
Is 28693 a multiple of 45?
False
Does 57 divide 31603?
False
Is 188 a multiple of 4?
True
Does 21 divide 64580?
False
Does 49 divide 7954?
False
Does 15 divide 12135?
True
Does 9 divide 355?
False
Does 13 divide 9855?
False
Is 4 a factor of 1260?
True
Is 1375 a multiple of 25?
True
Does 99 divide 19568?
False
Is 2946 a multiple of 15?
False
Does 19 divide 1991?
False
Is 58 a factor of 3306?
True
Does 4 divide 1728?
True
Is 26 a factor of 13312?
True
Does 19 divide 14007?
False
Is 3693 a multiple of 58?
False
Is 31086 a multiple of 12?
False
Is 8 a factor of 9311?
False
Does 29 divide 2975?
False
Is 6156 a multiple of 6?
True
Does 48 divide 9671?
False
Is 13 a factor of 83094?
False
Is 12 a factor of 2896?
False
Is 143 a factor of 3156?
False
Is 77 a factor of 2002?
True
Is 9894 a multiple of 102?
True
Is 16 a factor of 783?
False
Does 56 divide 9688?
True
Does 79 divide 237?
True
Is 26 a factor of 45578?
True
Is 1814 a multiple of 40?
False
Does 19 divide 1121?
True
Is 708 a multiple of 10?
False
Is 8 a factor of 8360?
True
Does 40 divide 4780?
False
Is 10 a factor of 1310?
True
Is 8272 a multiple of 40?
False
Does 109 divide 15028?
False
Does 20 divide 8000?
True
Is 2588 a multiple of 39?
False
Is 33 a factor of 4799?
False
Is 1548 a multiple of 4?
True
Does 8 divide 768?
True
Is 47 a factor of 6439?
True
Does 38 divide 2090?
True
Is 588 a multiple of 57?
False
Is 175 a factor of 3325?
True
Does 2 divide 152?
True
Is 14 a factor of 896?
True
Is 25 a factor of 1120?
False
Is 986 a multiple of 4?
False
Does 15 divide 1815?
True
Is 34 a factor of 1836?
True
Is 3806 a multiple of 11?
True
Is 1231 a multiple of 8?
False
Is 55 a factor of 2759?
False
Is 4278 a multiple of 62?
True
Is 12 a factor of 19512?
True
Is 102 a multiple of 17?
True
Is 35 a factor of 677?
False
Does 17 divide 1228?
False
Is 41 a factor of 10824?
True
Is 802 a multiple of 7?
False
Is 2047 a multiple of 34?
False
Is 5151 a multiple of 5?
False
Is 711 a multiple of 9?
True
Is 25 a factor of 11050?
True
Is 6 a factor of 198?
True
Is 33771 a multiple of 114?
False
Does 14 divide 3683?
False
Is 528 a multiple of 12?
True
Is 716 a multiple of 8?
False
Is 62 a factor of 2480?
True
Is 30 a factor of 504?
False
Is 21622 a multiple of 5?
False
Does 23 divide 31840?
False
Is 1824 a multiple of 57?
True
Does 28 divide 6209?
False
Is 6889 a multiple of 16?
False
Is 1491 a multiple of 21?
True
Is 2 a factor of 1643?
False
Is 5349 a multiple of 19?
False
Is 7 a factor of 1120?
True
Does 11 divide 5442?
False
Is 44 a factor of 26131?
False
Is 109421 a multiple of 19?
True
Is 41 a factor of 1394?
True
Does 10 divide 4520?
True
Does 9 divide 1404?
True
Is 60 a factor of 12858?
False
Does 27 divide 40151?
False
Is 20210 a multiple of 26?
False
Is 8866 a multiple of 26?
True
Is 168 a multiple of 8?
True
Does 54 divide 4806?
True
Is 2304 a multiple of 32?
True
Does 374 divide 77548?
False
Does 21 divide 7224?
True
Is 104 a factor of 12480?
True
Does 6 divide 102?
True
Does 5 divide 4270?
True
Is 356 a multiple of 71?
False
Is 4 a factor of 3186?
False
Does 79 divide 7189?
True
Is 7296 a multiple of 96?
True
Is 45318 a multiple of 498?
True
Does 12 divide 25002?
False
Does 24 divide 3828?
False
Is 24 a factor of 744?
True
Is 45 a factor of 274?
False
Is 2308 a multiple of 22?
False
Is 1740 a multiple of 3?
True
Is 46 a multiple of 2?
True
Is 40 a multiple of 13?
False
Is 114 a factor of 17556?
True
Is 115 a multiple of 12?
False
Does 5 divide 38?
False
Does 9 divide 133?
False
Is 592 a multiple of 19?
False
Is 7120 a multiple of 10?
True
Is 80123 a multiple of 19?
True
Does 20 divide 16620?
True
Is 6267 a multiple of 3?
True
Is 934 a multiple of 28?
False
Is 37152 a multiple of 86?
True
Is 78 a multiple of 26?
True
Does 35 divide 32322?
False
Does 31 divide 1674?
True
Does 81 divide 561?
False
Is 255 a multiple of 3?
True
Is 66 a factor of 1848?
True
Is 4 a factor of 1469?
False
Is 1844 a multiple of 37?
False
Is 21 a factor of 1428?
True
Is 14 a factor of 5663?
False
Is 2512 a multiple of 24?
False
Is 20068 a multiple of 346?
